). Let k be j(l). What is the units digit of 4 - (12/k - 5)?
6
Suppose d - 3*y = 231, -5*d + 2*y + 1122 = -2*y. What is the tens digit of d?
2
Let u = 35 + -33. Suppose u*w = -5*v + v + 28, 9 = 3*v. Suppose w + 12 = q. What is the tens digit of q?
2
What is the tens digit of (-37014)/(-155) - 3/(-15)?
3
Let r(m) = m**2 - 7*m + 11. Let x be ((-99)/6)/((-6)/8). Let n = x - 12. What is the tens digit of r(n)?
4
Suppose -4*k - 5319 = -13*k. What is the units digit of k?
1
Let y(x) = x - 11. Let f be y(-5). Let z(t) be the first derivative of t**4/4 + 5*t**3 - 9*t**2 + 16*t + 1. What is the units digit of z(f)?
8
Let s = 2050 - -1674. What is the tens digit of s?
2
Suppose -4*u - 1 = -65. Suppose -k = 4*x - 11, -2*k = -5*x - k + u. What is the units digit of 3*(1 - (-11)/x)?
4
Suppose -3*m - 171 = -6*m. Suppose 4*r = r - 5*g - 12, 5*r - 4*g = -m. Let h = r - -10. What is the units digit of h?
1
Suppose -5*a - 2*d + 345 = 0, 2*a + 69 = 3*a + 4*d. Suppose -7*z + 4*z = -a. Suppose -3*r + z = 5*p - 0*r, -4*p - 4*r = -12. What is the units digit of p?
7
Suppose 4*o - 2*o = -12. Let g be 4/o + (-249)/(-9). Suppose -g = -3*j + 30. What is the units digit of j?
9
Let s = 21 + 18. Suppose -4*w + 5*w - s = 0. What is the units digit of w?
9
Let k = 5 - 0. Suppose s - 2*v - 1 = -0*v, 0 = -s + 4*v + k. Let u(t) = t**2 - t - 1. What is the units digit of u(s)?
1
What is the units digit of (-18)/36*838/(-1)?
9
Let r(f) = -f**3 - 11*f**2 - 36*f - 23. What is the tens digit of r(-6)?
1
What is the units digit of (-294)/245*((0 - 54) + -1)?
6
Let n = -23 + 26. Suppose -f = 3*q - 19, -n*f + 2*q + 2*q = -109. What is the units digit of f?
1
Let x(f) be the second derivative of -f**4/12 - 13*f**3/6 + 10*f**2 - 2*f. Suppose 5*h + 20 + 45 = 0. What is the units digit of x(h)?
0
Let f = 22 + -20. What is the units digit of f?
2
Suppose -6 = 2*n - 3*u + 1, 19 = n + 3*u. Let t be (-1)/(-4) + 7/n. Suppose -96 = -t*c - 2*c. What is the units digit of c?
4
Suppose -3*d + 95 = 2*d. Suppose d*i - 8 = 17*i. What is the units digit of i + 8*(-3)/(-6)?
8
Let d(w) = 8*w**2 + 3*w - 20. What is the tens digit of d(-10)?
5
Suppose 4*y - 10042 = 2*q, -2*y - 1585 = -4*q - 6609. What is the units digit of y?
0
Let q = 60 - -354. What is the tens digit of q?
1
What is the hundreds digit of ((-160)/6)/5*-60?
3
Suppose -g - 3 + 4 = 0. Suppose -g = 4*k + 3. Let y(x) = 39*x**2 + 3*x + 2. What is the tens digit of y(k)?
3
Let n(h) = -h + 10. Let j(b) = -b**3 - 5*b**2 + 15*b + 13. Let u be j(-7). What is the units digit of n(u)?
4
Let l(w) = 7*w + 38. Let j be (1 + (-2 - 0))*(-19 + 19). What is the units digit of l(j)?
8
Suppose -4*m = -4*h + 3884, 19*h - 3*m - 973 = 18*h. What is the units digit of h?
0
Suppose -10*k + 795 = -375. What is the units digit of k?
7
Suppose 2*y - 7 = 1. Suppose j - y = -0*j. Suppose -p + 44 = -5*m, 0 = j*p + m - 3*m - 122. What is the tens digit of p?
2
Let u(z) = 26 - 20 - 20 - 62*z. What is the units digit of u(-3)?
2
Suppose -10 = 3*z + 2*y + 5, -4*y = z + 15. Let h be 2 + -33 + 6 + z. Let t = 1 - h. What is the tens digit of t?
2
Suppose -370 = -2*o - h + 3*h, -898 = -5*o - 4*h. What is the hundreds digit of o?
1
Suppose 12*t = 7427 - 395. What is the hundreds digit of t?
5
Let b(n) = -n**2 - 3*n - 1. Let s(d) = -2*d - 1. Let i(a) = -3*b(a) + 5*s(a). Suppose 7 = o - v, 4*o + 9 = -5*v - 8. What is the units digit of i(o)?
8
Let t(k) = 35*k + 129. What is the tens digit of t(13)?
8
Suppose 0 = -3*q + 3*i + 1728, 2*q + i = 5*q - 1736. What is the hundreds digit of q?
5
Suppose 61 = -0*q - q - 5*p, -4*q - 244 = -3*p. Let s = q + 107. What is the units digit of s?
6
Let s(t) = t**2 + t - 131. Let o be s(0). Let i = -28 - o. What is the hundreds digit of i?
1
Suppose 0 = 10*g + 10*g - 8200. What is the units digit of g?
0
Suppose 4*y - 1427 = y - 2*r, 3*y - 1447 = 2*r. Suppose -5*w + y + 71 = 0. Suppose 0*b = 5*b - w. What is the tens digit of b?
2
Let v(c) = -c**2 - 4*c - 2. Let q be v(-1). Let l(p) = 8*p**2 - p + 1. Let r be l(q). Suppose 2*d = r + 28. What is the tens digit of d?
1
Let v(q) = 2*q + 12. Let s be v(-8). Let u be 234/4 - (-2)/s. Suppose 4*y + 176 = 5*p, -2*p - 3*y - 6 = -u. What is the units digit of p?
2
Let t(z) = -9*z**2 - 7*z + 2. Let k be t(4). What is the tens digit of (3 + (-18)/4)*k?
5
Let l = 4115 + -939. What is the hundreds digit of l?
1
Let d(u) = -70*u + 143. What is the tens digit of d(-25)?
9
Let v be ((-91)/(-2))/7*-4. Let c(r) = 3*r**3 + 2*r**2. Let a be c(-2). Let g = a - v. What is the units digit of g?
0
Let t(x) = -23*x - 1. Suppose 5*z + 16 = 4*h, 5*z = -h + 6*h - 20. Suppose 4*b + 3*v - 7 = 0, -5*v + h = 3*b - 3*v. What is the units digit of t(b)?
5
Let n = 949 + -459. What is the tens digit of n?
9
Let h(i) = i**3 + i + 3. Let c be h(-2). Let x be (-52)/(-14) - 2/c. Suppose -109 = -x*u + 39. What is the tens digit of u?
3
Suppose c = 3*f + 42, 172 = 7*c - 2*c + 4*f. Let q(d) = -d**2 - d + 4. Let b be q(0). Suppose b*g = 5*g - c. What is the tens digit of g?
3
Let y(b) = b**2 + 7*b + 12. Let k be -9*(-4)/(-6)*1. Let a be (-8 - k)/((-1)/(-4)). What is the units digit of y(a)?
0
Suppose -2*g = -22 + 6. Suppose 0*c - g = -4*c. Suppose -48 = -2*k + c. What is the tens digit of k?
2
Let v = -139 + 165. What is the tens digit of v?
2
Suppose 5*i - 32 = 43. Let l be (1 - i/(-21))*7. Let y = l + -11. What is the units digit of y?
1
What is the tens digit of 8/(64/(-10))*-844?
5
What is the hundreds digit of (-25)/50 + (-1726)/(-4)?
4
Let y = -606 + 733. What is the hundreds digit of y?
1
Let m be (0 - -16) + -1 + 1. Suppose m + 0 = 2*l. Suppose l*o - 75 = 3*o. What is the tens digit of o?
1
Suppose -2*q - 4*u = -816 - 384, 0 = 4*q + 4*u - 2420. What is the hundreds digit of q?
6
Let n(q) = -266*q**3 - 3*q**2 - 6*q - 2. What is the thousands digit of n(-2)?
2
Let c(l) = l - 9. Let s be c(8). Let u be 2761/33 - s/3. Suppose -41 = -5*p + u. What is the tens digit of p?
2
Suppose -2419 = 11*u - 10031. What is the hundreds digit of u?
6
Let v = -483 - -1020. What is the units digit of v?
7
Let u(x) = -79*x + 3. Let k(w) = 26*w - 1. Let s(j) = 17*k(j) + 6*u(j). What is the units digit of s(-2)?
5
Let q = 243 + 117. What is the units digit of q?
0
Let k(d) = 2*d**3 - d**2 - 3*d - 6. Let g be k(5). Suppose 3*y = 6*y - g. What is the units digit of y?
8
Let g(u) = 3*u + 22. Let i be g(-7). Let p(q) = q**2 + q - 2. Let j be p(i). Suppose 4*a = -3*x + a + 63, j = -x + 2*a + 33. What is the units digit of x?
5
What is the units digit of 623 - -3 - -1 - (-15 + 14)?
8
Let m be 1*-3 + (11 - 14). What is the tens digit of (-287)/(-3) - -1*m/(-18)?
9
Let l be (-152)/(-26) + (-4)/(-26). Let m(k) = 12*k**2 - 12*k**2 + l*k**2 + 11*k**2 - 1. What is the units digit of m(2)?
7
Let q = 31 + -17. Let i = q - 19. What is the tens digit of (9 - 4)/i*-71?
7
Let k(o) = -34*o + 1. Let i be k(-1). Suppose 0*a - a = -i. What is the units digit of a?
5
Let u = -53 + 514. What is the units digit of u?
1
Suppose 0 = w - 5*b - 25, 5*w - 4*b - 33 = -2*b. Suppose -155 = -w*o + d, -15 = -d + 4*d. Let z = o + -18. What is the units digit of z?
2
Let o(p) = -44*p - 21. Let w(j) = j**3 - 10*j**2 + 14*j + 9. Let c be w(8). What is the hundreds digit of o(c)?
2
Let d(o) = 7*o**2 + 2*o + 3. What is the units digit of d(-7)?
2
Let k(u) = 2*u**2 + u - 3. Suppose -6*m = -m + 20. Let l be k(m). Suppose 3*v + l = 5*x, x + v = -x + 10. What is the units digit of x?
5
Let d(r) = -93*r - 253. What is the tens digit of d(-6)?
0
Let q(y) = y**2 - 6*y - 2. Let x be (-237)/(-33) - (-4)/(-22). What is the units digit of q(x)?
5
Let z(d) = 2*d**3 - 21*d**2 - 11*d + 20. What is the tens digit of z(13)?
2
Suppose 0 = -9*v + 4*v + 35. Suppose -b + 111 = v*r - 2*r, 0 = -r + 2*b + 31. What is the units digit of r?
3
What is the tens digit of (-4048)/(-17) - (18/(-153))/(-1)?
3
Suppose 1 = z - 4054. What is the thousands digit of z?
4
Suppose 363 + 125 = 4*g. What is the hundreds digit of g?
1
Let b be 1*4*(-20)/(-10). Let d = 13 - b. What is the units digit of d?
5
Let b = 42 + -9. Suppose 7*o - 4*o = 3*t + 87, -5*t - b = -o. What is the units digit of o?
8
Let n be (-2)/(-11) + 1944/(-44). Let l = 66 + n. Suppose -2*w + 4*s = -l, s - 37 = -3*w + 17. What is the units digit of w?
7
Let u(r) 